{"id":696,"date":"2019-01-30T16:21:28","date_gmt":"2019-01-30T15:21:28","guid":{"rendered":"http:\/\/grub-architekten.de\/wp\/?page_id=696"},"modified":"2022-02-19T11:07:06","modified_gmt":"2022-02-19T10:07:06","slug":"gsp-kompetenz","status":"publish","type":"page","link":"https:\/\/www.gsp-ingenieure.de\/?page_id=696","title":{"rendered":"GSP-Kompetenz"},"content":{"rendered":"<div>\n<h2>UNSERE KOMPETENZEN<\/h2>\n<div>\n<p class=\"p1\">Unsere Arbeit umfasst die klassischen Felder der technischen Geb\u00e4udeausr\u00fcstung und beinhaltet alle Leistungsphasen der HOAI. Planungen in den Hauptanlagengruppen Heizung, L\u00fcftung, Klima, Sanit\u00e4r und Elektrotechnik sind dabei zentrale Inhalte und werden erg\u00e4nzt durch Sonderthemen wie Sprinkleranlagen, Aufzugs- und F\u00f6rderanlagen und \u00e4hnliches. In diesen Bereichen sind wir f\u00fcr \u00f6ffentliche und private Auftraggeber t\u00e4tig. Schwerpunkte der Geb\u00e4udetechnik liegen im Verwaltungsbau, im Bau von Schulen, Kinderg\u00e4rten, Krankenh\u00e4usern, Altenpflegeeinrichtungen und im Wohnungsbau. Hinzu kommen Sonderbauten wie Theater, Hotels, Parkh\u00e4user und Industrieanlagen.<\/p>\n<\/div>\n<\/div>\n<div>\n<div>\n<p>In den zur\u00fcckliegenden Jahrzehnten wurde eine Vielzahl unterschiedlicher Bauaufgaben erfolgreich realisiert. Wir bearbeiten alle Bereiche der technischen Geb\u00e4udeausr\u00fcstung. Schwerpunkte unserer T\u00e4tigkeit sind dabei:<\/p>\n<\/div>\n<\/div>\n<div>\n<div>\n<ul>\n<li>Gas-, Wasser-, Abwassertechnik<\/li>\n<li>W\u00e4rmeversorgungstechnik<\/li>\n<li>L\u00fcftungsanlagen<\/li>\n<li>Klimatechnik<\/li>\n<li>Sprinkleranlagen<\/li>\n<li>Stark- und Schwachstromanlagen<\/li>\n<li>Aufz\u00fcge \/ F\u00f6rderanlagen<\/li>\n<li>Automatisierung und MSR<\/li>\n<\/ul>\n<\/div>\n<\/div>\n<div>\n<div>\n<p>Mit der <a href=\"https:\/\/grub-architekten.de\" target=\"_blank\" rel=\"noopener\">Grub Architekten und Ingenieure GmbH<\/a> verf\u00fcgen wir im eigenen Haus \u00fcber einen kompetenten und leistungsf\u00e4higen Partner f\u00fcr alle Architekturplanungen, so dass Projekte auch als Generalplanung realisiert werden k\u00f6nnen.<\/p>\n<\/div>\n<\/div>\n<p><!--more--><br \/>\n<!-- {\"type\":\"layout\",\"children\":[{\"type\":\"section\",\"props\":{\"style\":\"default\",\"width\":\"default\",\"vertical_align\":\"middle\",\"title_position\":\"top-left\",\"title_rotation\":\"left\",\"title_breakpoint\":\"xl\",\"image_position\":\"center-center\",\"image\":\"wp-content\\\/uploads\\\/2022\\\/02\\\/Gittermaststation-e1644958094950.jpg\",\"media_overlay\":\"rgba(199, 29, 108, 0.68)\",\"media_background\":\"c71d6c\",\"image_size\":\"cover\",\"media_blend_mode\":\"multiply\",\"title\":\"KOMPETENZ\",\"text_color\":\"light\"},\"children\":[{\"type\":\"row\",\"children\":[{\"type\":\"column\",\"props\":{\"position_sticky_breakpoint\":\"m\",\"image_position\":\"center-center\",\"media_overlay_gradient\":\"\",\"width_medium\":\"1-2\"},\"children\":[{\"type\":\"panel\",\"props\":{\"link_text\":\"Read more\",\"title_hover_style\":\"reset\",\"title_element\":\"h2\",\"title_align\":\"top\",\"title_grid_width\":\"1-2\",\"title_grid_breakpoint\":\"m\",\"meta_style\":\"meta\",\"meta_align\":\"below-title\",\"meta_element\":\"div\",\"content_column_breakpoint\":\"m\",\"icon_width\":80,\"image_align\":\"top\",\"image_grid_width\":\"1-2\",\"image_grid_breakpoint\":\"m\",\"image_svg_color\":\"emphasis\",\"link_style\":\"default\",\"margin\":\"default\",\"title\":\"UNSERE KOMPETENZEN\",\"content\":\"\n\n<p class=\\\"p1\\\">Unsere Arbeit umfasst die klassischen Felder der technischen Geb\\u00e4udeausr\\u00fcstung und beinhaltet alle Leistungsphasen der HOAI. Planungen in den Hauptanlagengruppen Heizung, L\\u00fcftung, Klima, Sanit\\u00e4r und Elektrotechnik sind dabei zentrale Inhalte und werden erg\\u00e4nzt durch Sonderthemen wie Sprinkleranlagen, Aufzugs- und F\\u00f6rderanlagen und \\u00e4hnliches. In diesen Bereichen sind wir f\\u00fcr \\u00f6ffentliche und private Auftraggeber t\\u00e4tig. Schwerpunkte der Geb\\u00e4udetechnik liegen im Verwaltungsbau, im Bau von Schulen, Kinderg\\u00e4rten, Krankenh\\u00e4usern, Altenpflegeeinrichtungen und im Wohnungsbau. Hinzu kommen Sonderbauten wie Theater, Hotels, Parkh\\u00e4user und Industrieanlagen.<\\\/p>\",\"title_style\":\"h3\"}}]},{\"type\":\"column\",\"props\":{\"position_sticky_breakpoint\":\"m\",\"image_position\":\"center-center\",\"media_overlay_gradient\":\"\",\"width_medium\":\"1-2\"},\"children\":[]}],\"props\":{\"layout\":\"1-2,1-2\"}}]},{\"type\":\"section\",\"props\":{\"style\":\"default\",\"width\":\"default\",\"vertical_align\":\"middle\",\"title_position\":\"top-left\",\"title_rotation\":\"left\",\"title_breakpoint\":\"xl\",\"image_position\":\"center-center\"},\"children\":[{\"type\":\"row\",\"props\":{\"layout\":\"1-3,1-3,1-3\",\"column_gap\":\"large\",\"row_gap\":\"large\"},\"children\":[{\"type\":\"column\",\"props\":{\"position_sticky_breakpoint\":\"m\",\"image_position\":\"center-center\",\"media_overlay_gradient\":\"\",\"width_medium\":\"1-3\"},\"children\":[{\"type\":\"panel\",\"props\":{\"link_text\":\"Read more\",\"title_hover_style\":\"reset\",\"title_element\":\"h3\",\"title_align\":\"top\",\"title_grid_width\":\"1-2\",\"title_grid_breakpoint\":\"m\",\"meta_style\":\"meta\",\"meta_align\":\"below-title\",\"meta_element\":\"div\",\"content_column_breakpoint\":\"m\",\"icon_width\":80,\"image_align\":\"top\",\"image_grid_width\":\"1-2\",\"image_grid_breakpoint\":\"m\",\"image_svg_color\":\"emphasis\",\"link_style\":\"default\",\"margin\":\"default\",\"content\":\"\n\n<p>In den zur\\u00fcckliegenden Jahrzehnten wurde eine Vielzahl unterschiedlicher Bauaufgaben erfolgreich realisiert. Wir bearbeiten alle Bereiche der technischen Geb\\u00e4udeausr\\u00fcstung. Schwerpunkte unserer T\\u00e4tigkeit sind dabei:<\\\/p>\"}}]},{\"type\":\"column\",\"props\":{\"position_sticky_breakpoint\":\"m\",\"image_position\":\"center-center\",\"media_overlay_gradient\":\"\",\"width_medium\":\"1-3\"},\"children\":[{\"type\":\"panel\",\"props\":{\"link_text\":\"Read more\",\"title_hover_style\":\"reset\",\"title_element\":\"h3\",\"title_align\":\"top\",\"title_grid_width\":\"1-2\",\"title_grid_breakpoint\":\"m\",\"meta_style\":\"meta\",\"meta_align\":\"below-title\",\"meta_element\":\"div\",\"content_column_breakpoint\":\"m\",\"icon_width\":80,\"image_align\":\"top\",\"image_grid_width\":\"1-2\",\"image_grid_breakpoint\":\"m\",\"image_svg_color\":\"emphasis\",\"link_style\":\"default\",\"margin\":\"default\",\"content\":\"\n\n<ul>\\n\n\n<li>Gas-, Wasser-, Abwassertechnik<\\\/li>\\n\n\n<li>W\\u00e4rmeversorgungstechnik<\\\/li>\\n\n\n<li>L\\u00fcftungsanlagen<\\\/li>\\n\n\n<li>Klimatechnik<\\\/li>\\n\n\n<li>Sprinkleranlagen<\\\/li>\\n\n\n<li>Stark- und Schwachstromanlagen<\\\/li>\\n\n\n<li>Aufz\\u00fcge \\\/ F\\u00f6rderanlagen<\\\/li>\\n\n\n<li>Automatisierung und MSR<\\\/li>\\n<\\\/ul>\"}}]},{\"type\":\"column\",\"props\":{\"position_sticky_breakpoint\":\"m\",\"image_position\":\"center-center\",\"media_overlay_gradient\":\"\",\"width_medium\":\"1-3\"},\"children\":[{\"type\":\"panel\",\"props\":{\"link_text\":\"Read more\",\"title_hover_style\":\"reset\",\"title_element\":\"h3\",\"title_align\":\"top\",\"title_grid_width\":\"1-2\",\"title_grid_breakpoint\":\"m\",\"meta_style\":\"meta\",\"meta_align\":\"below-title\",\"meta_element\":\"div\",\"content_column_breakpoint\":\"m\",\"icon_width\":80,\"image_align\":\"top\",\"image_grid_width\":\"1-2\",\"image_grid_breakpoint\":\"m\",\"image_svg_color\":\"emphasis\",\"link_style\":\"default\",\"margin\":\"default\",\"content\":\"\n\n<p>Mit der <a href=\\\"https:\\\/\\\/grub-architekten.de\\\" target=\\\"_blank\\\" rel=\\\"noopener\\\">Grub Architekten und Ingenieure GmbH<\\\/a> verf\\u00fcgen wir im eigenen Haus \\u00fcber einen kompetenten und leistungsf\\u00e4higen Partner f\\u00fcr alle Architekturplanungen, so dass Projekte auch als Generalplanung realisiert werden k\\u00f6nnen.<\\\/p>\"}}]}]}]}],\"version\":\"2.7.16\"} --><\/p>\n","protected":false},"excerpt":{"rendered":"<p>UNSERE KOMPETENZEN Unsere Arbeit umfasst die klassischen Felder der technischen Geb\u00e4udeausr\u00fcstung und beinhaltet alle Leistungsphasen der HOAI. Planungen in den Hauptanlagengruppen Heizung, L\u00fcftung, Klima, Sanit\u00e4r und Elektrotechnik sind dabei zentrale Inhalte und werden erg\u00e4nzt durch Sonderthemen wie Sprinkleranlagen, Aufzugs- und F\u00f6rderanlagen und \u00e4hnliches. In diesen Bereichen sind wir f\u00fcr \u00f6ffentliche und private Auftraggeber t\u00e4tig. Schwerpunkte [&hellip;]<\/p>\n","protected":false},"author":1,"featured_media":0,"parent":0,"menu_order":0,"comment_status":"closed","ping_status":"closed","template":"","meta":[],"_links":{"self":[{"href":"https:\/\/www.gsp-ingenieure.de\/index.php?rest_route=\/wp\/v2\/pages\/696"}],"collection":[{"href":"https:\/\/www.gsp-ingenieure.de\/index.php?rest_route=\/wp\/v2\/pages"}],"about":[{"href":"https:\/\/www.gsp-ingenieure.de\/index.php?rest_route=\/wp\/v2\/types\/page"}],"author":[{"embeddable":true,"href":"https:\/\/www.gsp-ingenieure.de\/index.php?rest_route=\/wp\/v2\/users\/1"}],"replies":[{"embeddable":true,"href":"https:\/\/www.gsp-ingenieure.de\/index.php?rest_route=%2Fwp%2Fv2%2Fcomments&post=696"}],"version-history":[{"count":39,"href":"https:\/\/www.gsp-ingenieure.de\/index.php?rest_route=\/wp\/v2\/pages\/696\/revisions"}],"predecessor-version":[{"id":1088,"href":"https:\/\/www.gsp-ingenieure.de\/index.php?rest_route=\/wp\/v2\/pages\/696\/revisions\/1088"}],"wp:attachment":[{"href":"https:\/\/www.gsp-ingenieure.de\/index.php?rest_route=%2Fwp%2Fv2%2Fmedia&parent=696"}],"curies":[{"name":"wp","href":"https:\/\/api.w.org\/{rel}","templated":true}]}}